= 57*g - 25. Let r(h) = 31*h - 12. Let m(i) = -6*j(i) + 11*r(i). Determine m(11).
7
Suppose -4*k - 19 = 5*m, 2 + 9 = -5*k - 2*m. Let q be k/(6/(-9))*2. Suppose 5 = q*v + 2*o, o + 0 - 1 = -3*v. Let w(x) = 4*x**3 + x + 1. What is w(v)?
-4
Let k be (-16)/(-24) + 50/6. Suppose -3*m + 15 = -m + 3*j, 5*j = 2*m + k. Let b(d) = -6 - 4*d + 3 - d**2 - d**2 + m*d**2. What is b(4)?
-3
Let b(j) = -4218*j + 4 + 4223*j - 2. Calculate b(6).
32
Let a(r) = -15*r + 30. Let x(y) = -7*y + 12. Let c(d) = 2*a(d) - 5*x(d). Calculate c(-8).
-40
Let p(i) = -i**2 + 2*i - 9. Let g be -2 + 5 + -3 + (13 - 5). What is p(g)?
-57
Let t(p) = 6*p - 15. Let j be t(3). Let i(y) = y + 6*y**2 + 22*y**3 + j*y + 5 - 21*y**3. What is i(-5)?
10
Let w(d) = 16*d + 8 + d**2 - 1 - 9*d. Let z(r) = r + 1. Let a(q) = -w(q) - 2*z(q). Determine a(-8).
-1
Let v(w) = -19*w + 53. Let m be v(3). Let r(u) = -5 + 2*u**2 + 4*u**2 + 3*u - 5*u**2. What is r(m)?
-1
Let t(o) be the third derivative of o**5/60 + o**4/24 + o**3/6 + o**2. Suppose -5*v = c, 3*v - 19*c = -23*c. Calculate t(v).
1
Let f be -3 + (-108)/(-48) - 2/8. Let z(l) = -19*l**3 - 10*l**2 - 4*l - 4. Let g(r) = 13*r**3 + 7*r**2 + 3*r + 3. Let n(s) = 7*g(s) + 5*z(s). Calculate n(f).
3
Let c(k) = -6*k**3 - k. Let h = 31 + -26. Suppose q + 8 = -d, 3*q + q - h*d + 23 = 0. Let f be 8/28 + 9/q. Give c(f).
7
Let z(k) = k - 8. Let y be z(8). Suppose 3 = 3*r - y. Let g(i) = -i**2 - i. Let s(o) = -o**3 + o**2 + 4*o - 7. Let h(f) = r*s(f) - 3*g(f). Determine h(5).
3
Let l(g) = -9*g**3 + 35 - 13 - 2*g - 23. What is l(-1)?
10
Let v(d) = -27 - 3*d**2 + 29 + 0*d**3 - d**3 + 5*d. Give v(-4).
-2
Let y(o) = o**2 - 16*o + 4. Let k be y(16). Let c(b) = b**2 + 16*b + k*b**2 + b**3 - 17*b + 0*b**2. What is c(-5)?
5
Suppose -z - 3 = -33. Let h(p) = 63*p - z*p - 36*p. Determine h(-1).
3
Let o be (-38)/(-2) + 0 + -4. Let c = -12 + o. Let m(v) be the first derivative of v**4/4 - v**3 + 3*v**2/2 - v - 2. What is m(c)?
8
Let l(v) be the second derivative of -v**5/20 - 7*v**4/12 - 3*v**3/2 - 15*v**2/2 + 57*v. Determine l(-6).
3
Let z(m) = 5 + 6*m - 4 + 3. Suppose 3*a = -0*a - 12. Give z(a).
-20
Let f(v) = v**2 - 2. Suppose -3*r = 2*r - a - 138, -4*r + 120 = 4*a. Let g be 160/r + 6/21. Suppose 2*i - 4*l = -g, 3*i = 2*i + 4*l - 3. Determine f(i).
7
Suppose 0 = -3*b - 60 + 78, 5*c - 5*b + 10 = 0. Suppose -3 = -l - 2. Let g(z) = 0*z - 3*z**2 - 5*z + z**3 + 0*z**3 + l. Calculate g(c).
-3
Let j = 1371 + -1371. Let z(k) = k**2 - k - 47. Give z(j).
-47
Let q(w) be the third derivative of -w**5/24 + w**4/8 - 29*w**3/6 - 9*w**2 - 2*w. Let a(o) be the first derivative of q(o). Determine a(5).
-22
Let b(a) be the third derivative of -a**5/60 + a**4/8 - a**3/2 + 2*a**2. Let f(x) = -x**3 + 21*x**2 + 98*x + 52. Let s be f(25). Give b(s).
-1
Let y(z) = z**3 + 7*z**2 + 2*z + 9. Let i be 6/(2 + -3 + 3). Let a(x) = -4*x + 5. Let n be a(i). Determine y(n).
-5
Let i(d) = 7*d + 1. Let x be i(-1). Let h(r) be the first derivative of r**4/4 + 2*r**3 - 3*r**2/2 - 7*r + 8. Give h(x).
11
Let b(v) = -37*v - 2 + 40*v + 3. Suppose -6*t + t - 3*m = -56, -2*m = 3*t - 33. Suppose 4*d = -1 + t. Calculate b(d).
10
Suppose -6*c + 4*c = 38. Let d be -9 - (-8 + (-23 - -4)). Let g = c + d. Let s(p) = 3*p + 1. What is s(g)?
-2
Let p(i) = -3*i**2 + 5*i + 10. Suppose 30 = 8*k - 10. Determine p(k).
-40
Let t be ((-2)/5)/((-6)/(-30)). Let y = 8 + t. Suppose y*m - 2 - 16 = 0. Let f(n) = -n + 1. Give f(m).
-2
Let y be (-2)/(-6) + 42/9. Suppose y = 6*o + 35. Let w(u) be the first derivative of u**4/4 + 4*u**3/3 - 5*u**2/2 - 6*u + 1. Calculate w(o).
-6
Let h(z) = 4*z - 2*z - z. Suppose 0 = -2*a + 4*a, 4*c = a + 76. Let o(u) = -u**3 + 20*u**2 - 20*u + 19. Let q be o(c). Calculate h(q).
0
Suppose 4*x - 34 = -i, i + 4 - 13 = x. Suppose -4*t + i = 3*l, -2*l - 2*l + 2*t - 18 = 0. Let f(q) = -3*q**2 + 3*q + 2. Give f(l).
-16
Let t(q) be the second derivative of q**5/20 + q**4/12 + q**3/6 - q**2/2 + 34*q + 2. Give t(-2).
-7
Let d(i) = -i**2 + i + 9. Let l be d(4). Let f(o) = 5*o**3 - o**2 - 17*o - 15. Let t(c) = -3*c**3 + 9*c + 8. Let m(a) = 4*f(a) + 7*t(a). Determine m(l).
2
Let x(f) = 0*f**2 + 8*f**2 + 8*f + f**3 + 2 + f**2. Let d = 1458 + -1466. What is x(d)?
2
Let z be (0 + (-1)/(-4))/((-6)/(-6)). Let d(p) be the first derivative of 2*p**2 + p**3 - 6*p - z*p**4 + 2. Give d(4).
-6
Suppose -4*d - 3*f + 193 = 0, -5*d = -2*f - 118 - 152. Suppose 2*x + d - 62 = 0. Let q(k) = k**2 - 3*k - 6. What is q(x)?
4
Suppose -2*g - 4*l - 2 = 0, 0 = -3*g + 2*l - 5*l - 3. Let y(m) = 2*m. What is y(g)?
-2
Let v(o) be the second derivative of 1/6*o**3 - 7*o + 0 + 2*o**2. Give v(-7).
-3
Let x(i) = -2*i + 1. Let k(p) = p + 3. Let u be k(-12). Calculate x(u).
19
Let r(p) be the first derivative of p**4/4 + 2*p**3 + 3*p**2 + p + 1. Let s(f) = 14*f + 66. Let b be s(-5). Give r(b).
9
Let q(f) = 3*f**2 + 4*f + 3. Let t(k) = -2*k**3 - k**2 + k. Suppose 2 = i + 2*g - 18, -5*g - 28 = -4*i. Let z = -11 + i. Let h be t(z). Determine q(h).
7
Let o(r) be the first derivative of 7*r**3/3 - r**2/2 - 2*r - 270. Calculate o(-1).
6
Let q(i) = i**3 - 8*i**2 + 8*i + 5. Let o be -5*(2 + 1 + (-34)/10). Suppose z = -o*x - x + 20, -3*z = -3*x + 12. Give q(x).
-19
Let m(g) be the second derivative of 7*g**3/2 + g**2 + 100*g. Calculate m(-1).
-19
Let j(t) = -5 + 0 - t**3 + 2 - 2. Suppose 0 = k - 0*k. Suppose -d + k*d = 0. Determine j(d).
-5
Let q(w) be the third derivative of w**6/40 - w**5/30 - w**4/12 - 7*w**2 + 6*w. Suppose -2*p = -5*p + 6. Determine q(p).
12
Let w(d) = -d - 2. Let h(f) = 3*f + 2. Let s be h(-4). Let u be s*(-1)/(-2) + 0. Let j be w(u). Let g(p) = -2*p**2 + 3*p + 3. What is g(j)?
-6
Suppose 0 = -4*s + h + 23, 2*h = 3*s + 3*h - 26. Let y(i) be the second derivative of i**3/6 - 9*i**2/2 + 13*i. Determine y(s).
-2
Let o = 784 - 789. Let v = 2 - 0. Let h(c) = 5*c**2 + c**3 + 3*c - 3 - 2*c - v*c. Calculate h(o).
2
Let n(a) = -a**2 - 6*a - 3. Let c(h) = 4*h**2 + 33*h - 31. Let j be c(-9). Determine n(j).
5
Let g = 98 - 391/4. Let h(o) be the second derivative of -1/2*o**3 - g*o**4 + 0 + 1/20*o**5 - o + 1/2*o**2. What is h(4)?
5
Let c(i) = -2*i + 6*i**2 + 1 - i**2 + i. Let j be ((-1)/(-1))/((-14)/(98/(-7))). Give c(j).
5
Let u(m) = -1. Let h(n) be the first derivative of -n**3/3 + n**2/2 + 9*n + 2. Let l = -106 - -107. Let j(a) = l*h(a) + 5*u(a). Determine j(-3).
-8
Let h(s) = -2*s**2. Suppose 24 = -0*u - u - 5*k, -u + 16 = -5*k. Let g be 3/(-6)*(u + 6). What is h(g)?
-2
Let p(q) = q**3 + 6*q**2 - 10*q - 8. Suppose 2*d = 48 - 62. Give p(d).
13
Suppose 3*u - n = -0*n + 1, -4*u + 5 = -5*n. Let y(v) = -3 - v**2 + u*v**2 + 13 - v**3 - 7 + 2*v. Suppose -5*i - 24 = 2*c, 2*c - 6 = -c + 3*i. Give y(c).
3
Let c(k) be the first derivative of -k**6/360 + k**5/30 - k**4/8 - k**3/3 - 2. Let g(a) be the third derivative of c(a). Let m = 34 + -30. What is g(m)?
-3
Let w = -61 - -54. Let y(o) = -7*o**2 + 8*o - 1. Let m(k) = -10*k**2 + 12*k - 1. Let c(b) = w*y(b) + 5*m(b). Give c(6).
-10
Let g(i) = 5 - 10*i + 0 - 13*i**2 + 15*i**2 + 4. Determine g(6).
21
Let t(k) = -2*k + 19. Let c be (10 - 7) + (-4)/(-2). Give t(c).
9
Suppose 3*p = -22 + 40. Suppose 6*a = -p*a + 84. Let s(z) = -z**2 + 5*z. Determine s(a).
-14
Let s(r) = 24*r**2 - 23*r**2 - 2 + r**3 - 4*r**3 + 2*r**3 + r. Let h(z) = z**3 - 12*z**2 - 45*z + 2. Let i be h(15). Determine s(i).
-4
Let x(h) = 10*h - 2051*h**3 + 9*h**2 + 2 + 1 + 1027*h**3 - 7 + 1023*h**3. Give x(10).
-4
Suppose 3 + 13 = 4*w. Suppose -2 = l - 2*t, 3*l - w = -l - 4*t. Let r(g) = 0*g + 2*g - 5*g**2 + l*g + 8 - g**3 + 5*g. Calculate r(-6).
2
Let o(g) = -7 - 5 - 5*g + 9 - 55 + 14*g. Calculate o(7).
5
Let b(f) be the first derivative of -5*f - 20 + 0*f + f**2 - 41 + 24. What is b(5)?
5
Let r(z) = 3*z**2 - 5*z - 11. Let o(c) = 2*c**2 - 6*c - 10. Let v(u) = -5*o(u) + 4*r(u). Determine v(-7).
34
Let f be 18/4*(-8)/(-12). Let w(p) = -4 + 16*p + 12*p - p**f - 29*p. Let m be (0 + 4/(-8))*0. Give w(m).
-4
Let b(v) = -v**2. Let r(f) = f**2 - 35*f + 69. Let d be r(33). Give b(d).
-9
Let p(n) = 9*n**2 + 6*n - 26*n**3 + 1 - n**2 - 3*n + 25*n**3 - 7*n**2. Determine p(2).
3
Let p(f) = 2*f + 3. Let k = -8 + 13. Suppose 3*c - 4 = -4*o, 4 = -k*c - 4*o - 0*o. Calculate p(c).
-5
Let m(f) = 2*f + 7. Suppose -6*o + o - 4*d = -37, 5*d - 15 = 0. What is m(o)?
17
Le